{"id":987,"date":"2025-09-15T16:13:24","date_gmt":"2025-09-15T20:13:24","guid":{"rendered":"https:\/\/www.celiacquebec.ca\/?page_id=987"},"modified":"2026-04-15T17:41:54","modified_gmt":"2026-04-15T21:41:54","slug":"important-dates","status":"publish","type":"page","link":"http:\/\/www.celiacquebec.ca\/fr\/all-events\/important-dates\/","title":{"rendered":"Dates importantes"},"content":{"rendered":"<div id=\"cs-content\" class=\"cs-content\"><div class=\"x-section e987-e1 mrf-0\"><div class=\"x-row x-container max width e987-e2 mrf-1 mrf-2 mrf-3\"><div class=\"x-row-inner\"><div class=\"x-col e987-e3 mrf-7\"><div class=\"x-text x-content e987-e4 mrf-8\"><p>Les \u00e9v\u00e9nements marquants d\u2019un ast\u00e9risque (*) sont des \u00e9v\u00e9nements nationaux organis\u00e9s par C\u0153liaque Canada. Tous les autres \u00e9v\u00e9nements sont des \u00e9v\u00e9nements locaux organis\u00e9s par le Groupe de soutien qu\u00e9b\u00e9cois de C\u0153liaque Canada ou auxquels participe ce dernier.<\/p>\n<p>Pour les r\u00e9unions du comit\u00e9 directeur\u00a0: si vous souhaitez en savoir plus sur ce comit\u00e9 qui planifie le fonctionnement de notre groupe de soutien, veuillez nous contacter par courriel \u00e0 l\u2019adresse suivante: <a href=\"mailto:quebecsupportgroup@celiac.ca.\" target=\"_blank\" rel=\"noopener\">quebecsupportgroup@celiac.ca<\/a>.<\/p><\/div><\/div><\/div><\/div><\/div><div class=\"x-section e987-e5 mrf-0\"><div class=\"x-row x-container max width e987-e6 mrf-1 mrf-2 mrf-4\"><div class=\"x-row-inner\"><div class=\"x-col e987-e7 mrf-7\"><div class=\"x-text x-content e987-e8 mrf-8\"><h3>2026<\/h3>\n<p>&nbsp;<\/p><\/div><\/div><\/div><\/div><div class=\"x-row x-container max width e987-e9 mrf-1 mrf-2 mrf-5\"><div class=\"x-row-inner\"><div class=\"x-col e987-e10 mrf-7\"><div class=\"x-text x-content e987-e11 mrf-8\"><p>mardi, 21 avril, 20h00<\/p><\/div><\/div><div class=\"x-col e987-e12 mrf-7\"><div class=\"x-text x-content e987-e13 mrf-8\"><p>Heure de discussion: G\u00e9rer un r\u00e9gime sans gluten \u00e0 l'approche du barbecue<\/p><\/div><\/div><\/div><\/div><div class=\"x-row x-container max width e987-e14 mrf-1 mrf-2 mrf-6\"><div class=\"x-row-inner\"><div class=\"x-col e987-e15 mrf-7\"><div class=\"x-text x-content e987-e16 mrf-8\"><p>mercredi, 10 juin, 19h30<\/p><\/div><\/div><div class=\"x-col e987-e17 mrf-7\"><div class=\"x-text x-content e987-e18 mrf-8\"><p>R\u00e9union du comit\u00e9 directeur du Groupe de soutien du Qu\u00e9bec pour Celiac Canada (QSGCC)<\/p><\/div><\/div><\/div><\/div><\/div><\/div>","protected":false},"excerpt":{"rendered":"<p>Events marked with an asterisk (*) are national events organized by Celiac Canada. All other events are local events organized by or include the involvement of the Quebec Support Group for Celiac Canada. For steering committee meetings: If you want to know more about this committee that makes plans for the running of our Support Group, let us know by &#8230;<\/p>","protected":false},"author":6,"featured_media":0,"parent":772,"menu_order":0,"comment_status":"closed","ping_status":"closed","template":"","meta":{"footnotes":""},"class_list":["post-987","page","type-page","status-publish","hentry","no-post-thumbnail"],"_links":{"self":[{"href":"http:\/\/www.celiacquebec.ca\/fr\/wp-json\/wp\/v2\/pages\/987","targetHints":{"allow":["GET"]}}],"collection":[{"href":"http:\/\/www.celiacquebec.ca\/fr\/wp-json\/wp\/v2\/pages"}],"about":[{"href":"http:\/\/www.celiacquebec.ca\/fr\/wp-json\/wp\/v2\/types\/page"}],"author":[{"embeddable":true,"href":"http:\/\/www.celiacquebec.ca\/fr\/wp-json\/wp\/v2\/users\/6"}],"replies":[{"embeddable":true,"href":"http:\/\/www.celiacquebec.ca\/fr\/wp-json\/wp\/v2\/comments?post=987"}],"version-history":[{"count":24,"href":"http:\/\/www.celiacquebec.ca\/fr\/wp-json\/wp\/v2\/pages\/987\/revisions"}],"predecessor-version":[{"id":1069,"href":"http:\/\/www.celiacquebec.ca\/fr\/wp-json\/wp\/v2\/pages\/987\/revisions\/1069"}],"up":[{"embeddable":true,"href":"http:\/\/www.celiacquebec.ca\/fr\/wp-json\/wp\/v2\/pages\/772"}],"wp:attachment":[{"href":"http:\/\/www.celiacquebec.ca\/fr\/wp-json\/wp\/v2\/media?parent=987"}],"curies":[{"name":"wp","href":"https:\/\/api.w.org\/{rel}","templated":true}]}}

<div id="cs-content" class="cs-content"><div class="x-section e987-e1 mrf-0"><div class="x-row x-container max width e987-e2 mrf-1 mrf-2 mrf-3"><div class="x-row-inner"><div class="x-col e987-e3 mrf-7"><div class="x-text x-content e987-e4 mrf-8"><p>Les événements marquants d’un astérisque (*) sont des événements nationaux organisés par Cœliaque Canada. Tous les autres événements sont des événements locaux organisés par le Groupe de soutien québécois de Cœliaque Canada ou auxquels participe ce dernier.</p>
<p>Pour les réunions du comité directeur : si vous souhaitez en savoir plus sur ce comité qui planifie le fonctionnement de notre groupe de soutien, veuillez nous contacter par courriel à l’adresse suivante: <a href="mailto:quebecsupportgroup@celiac.ca." target="_blank" rel="noopener">quebecsupportgroup@celiac.ca</a>.</p></div></div></div></div></div><div class="x-section e987-e5 mrf-0"><div class="x-row x-container max width e987-e6 mrf-1 mrf-2 mrf-4"><div class="x-row-inner"><div class="x-col e987-e7 mrf-7"><div class="x-text x-content e987-e8 mrf-8"><h3>2026</h3>
<p>&nbsp;</p></div></div></div></div><div class="x-row x-container max width e987-e9 mrf-1 mrf-2 mrf-5"><div class="x-row-inner"><div class="x-col e987-e10 mrf-7"><div class="x-text x-content e987-e11 mrf-8"><p>mardi, 21 avril, 20h00</p></div></div><div class="x-col e987-e12 mrf-7"><div class="x-text x-content e987-e13 mrf-8"><p>Heure de discussion: Gérer un régime sans gluten à l'approche du barbecue</p></div></div></div></div><div class="x-row x-container max width e987-e14 mrf-1 mrf-2 mrf-6"><div class="x-row-inner"><div class="x-col e987-e15 mrf-7"><div class="x-text x-content e987-e16 mrf-8"><p>mercredi, 10 juin, 19h30</p></div></div><div class="x-col e987-e17 mrf-7"><div class="x-text x-content e987-e18 mrf-8"><p>Réunion du comité directeur du Groupe de soutien du Québec pour Celiac Canada (QSGCC)</p></div></div></div></div></div></div>
